{"id":2629,"date":"2022-10-17T15:16:58","date_gmt":"2022-10-17T15:16:58","guid":{"rendered":"https:\/\/hashmat.de\/?page_id=2629"},"modified":"2022-10-17T15:18:12","modified_gmt":"2022-10-17T15:18:12","slug":"allgemeine-hinweise","status":"publish","type":"page","link":"https:\/\/hashmat.de\/index.php\/allgemeine-hinweise\/","title":{"rendered":"Datenschutz\u00aderkl\u00e4rung"},"content":{"rendered":"\n<h3 class=\"wp-block-heading\">Allgemeine Hinweise<\/h3>\n\n\n\n<p class=\"has-text-align-left\">Wir freuen uns, dass Sie unsere Website besucht haben. Der Schutz Ihrer Privatsph\u00e4re und Ihrer personenbezogenen Daten bei der Nutzung unserer Website ist uns wichtig.<\/p>\n\n\n\n<p class=\"has-text-align-left\">Personenbezogene Daten sind nach Art. 4 Nr. 1 DSGVO alle Informationen, die sich auf eine identifizierte oder identifizierbare nat\u00fcrliche Person beziehen. Hierzu geh\u00f6ren beispielsweise Informationen wie Ihr Vor- und Nachname, Ihre Anschrift, Ihre Telefonnummer, Ihre E-Mail-Adresse,aber auch Ihre IP-Adresse.Daten, bei denen kein Bezug zu Ihrer Person herstellbar ist wie beispielsweise durch eine Anonymisierung, sind keine personenbezogenen Daten. Die Verarbeitung (z. B. das Erheben, die Speicherung, das Auslesen, das Abfragen,die Verwendung, die \u00dcbermittlung, das L\u00f6schen oder die Vernichtung) nach Art. 4 Nr. 2 DSGVO bedarf immer einer gesetzlichen Rechtsgrundlage oder Ihrer Einwilligung. Verarbeitete personenbezogene Daten m\u00fcssen gel\u00f6scht werden, sobald der Zweck der Verarbeitung erreicht wurde und keine gesetzlich vorgeschriebenen Aufbewahrungspflichten mehr zu wahren sind.Hier finden Sie Informationen \u00fcber den Umgang mit Ihren personenbezogenen Daten beim Besuch unserer Webseite. Zur Bereitstellung der Funktionen und Dienste unserer Webseite ist es erforderlich, dass wir personenbezogene Daten \u00fcber Sie erheben.Wir erkl\u00e4ren Ihnen zudem, die Art und Umfang der jeweiligen Datenverarbeitung, den Zweck und die entsprechende Rechtsgrundlage und die jeweilige Speicherdauer.<\/p>\n\n\n\n<p>Diese Datenschutzerkl\u00e4rung gilt nur f\u00fcr diese Webseite. Sie gilt nicht f\u00fcr andere Webseiten, auf die wir durch einen Hyperlink lediglich verweisen. Wir k\u00f6nnen keine Verantwortung f\u00fcr den vertraulichen Umgang Ihrer personenbezogenen Daten auf diesen Webseiten Dritter \u00fcbernehmen, da wir keinen Einfluss darauf haben, ob diese Unternehmen die Datenschutzbestimmungen einhalten. \u00dcber den Umgang mit Ihren personenbezogenen Daten durch diese Unternehmen informieren Sie sich bitte direkt auf diesen Webseiten.<\/p>\n\n\n\n<h4 class=\"wp-block-heading\">Welche Rechte haben Sie bez\u00fcglich Ihrer Daten?<\/h4>\n\n\n\n<p>Sie haben jederzeit das Recht, unentgeltlich Auskunft \u00fcber Herkunft, Empf\u00e4nger und Zweck Ihrer gespeicherten personenbezogenen Daten zu erhalten. Sie haben au\u00dferdem ein Recht, die Berichtigung oder L\u00f6schung dieser Daten zu verlangen. Wenn Sie eine Einwilligung zur Datenverarbeitung erteilt haben, k\u00f6nnen Sie diese Einwilligung jederzeit f\u00fcr die Zukunft widerrufen. Au\u00dferdem haben Sie das Recht, unter bestimmten Umst\u00e4nden die Einschr\u00e4nkung der Verarbeitung Ihrer personenbezogenen Daten zu verlangen. Des Weiteren steht Ihnen ein Beschwerderecht bei der zust\u00e4ndigen Aufsichtsbeh\u00f6rde zu.<\/p>\n\n\n\n<h4 class=\"wp-block-heading\">Wof\u00fcr nutzen wir Ihre Daten?<\/h4>\n\n\n\n<p>Ein Teil der Daten wird erhoben, um eine fehlerfreie Bereitstellung der Website zu gew\u00e4hrleisten. Andere Daten k\u00f6nnen zur Analyse Ihres Nutzerverhaltens verwendet werden.<\/p>\n\n\n\n<p><strong>Wer wir sind<\/strong><\/p>\n\n\n\n<p>Unsere Website-Adresse lautet:&nbsp;<a href=\"https:\/\/hashmat.de\/\" target=\"_blank\" rel=\"noreferrer noopener\">https:\/\/hashmat.de\/<\/a>.<\/p>\n\n\n\n<h4 class=\"wp-block-heading\">Welche Rechte haben Sie bez\u00fcglich Ihrer Daten?<\/h4>\n\n\n\n<p>Sie haben jederzeit das Recht, unentgeltlich Auskunft \u00fcber Herkunft, Empf\u00e4nger und Zweck Ihrer gespeicherten personenbezogenen Daten zu erhalten. Sie haben au\u00dferdem ein Recht, die Berichtigung oder L\u00f6schung dieser Daten zu verlangen. Wenn Sie eine Einwilligung zur Datenverarbeitung erteilt haben, k\u00f6nnen Sie diese Einwilligung jederzeit f\u00fcr die Zukunft widerrufen. Au\u00dferdem haben Sie das Recht, unter bestimmten Umst\u00e4nden die Einschr\u00e4nkung der Verarbeitung Ihrer personenbezogenen Daten zu verlangen. Des Weiteren steht Ihnen ein Beschwerderecht bei der zust\u00e4ndigen Aufsichtsbeh\u00f6rde zu.<\/p>\n\n\n\n<p>Hierzu sowie zu weiteren Fragen zum Thema Datenschutz k\u00f6nnen Sie sich jederzeit an uns wenden.<\/p>\n\n\n\n<h4 class=\"wp-block-heading\"><\/h4>\n\n\n\n<h3 class=\"wp-block-heading\">Medien<\/h3>\n\n\n\n<p>Wenn Sie Bilder auf die Website hochladen, sollten Sie vermeiden, Bilder mit eingebetteten Standortdaten (EXIF GPS) hochzuladen. Besucher der Website k\u00f6nnen beliebige Standortdaten aus Bildern auf der Website herunterladen und extrahieren.<\/p>\n\n\n\n<h4 class=\"wp-block-heading\">COOKIES<\/h4>\n\n\n\n<p>Wie viele andere Webseiten verwenden wir auch so genannte \u201eCookies\u201c. Cookies sind kleine Textdateien, die von einem Webseitenserver auf Ihre Festplatte \u00fcbertragen werden. Hierdurch erhalten wir automatisch bestimmte Daten wie z. B. IP-Adresse, verwendeter Browser, Betriebssystem \u00fcber Ihren Computer und Ihre Verbindung zum Internet.<\/p>\n\n\n\n<p>Cookies k\u00f6nnen nicht verwendet werden, um Programme zu starten oder Viren auf einen Computer zu \u00fcbertragen. Anhand der in Cookies enthaltenen Informationen k\u00f6nnen wir Ihnen die Navigation erleichtern und die korrekte Anzeige unserer Webseiten erm\u00f6glichen.<\/p>\n\n\n\n<p>In keinem Fall werden die von uns erfassten Daten an Dritte weitergegeben oder ohne Ihre Einwilligung eine Verkn\u00fcpfung mit personenbezogenen Daten hergestellt.&nbsp;Nat\u00fcrlich k\u00f6nnen Sie unsere Website grunds\u00e4tzlich auch ohne Cookies betrachten. Internet-Browser sind regelm\u00e4\u00dfig so eingestellt, dass sie Cookies akzeptieren. Sie k\u00f6nnen die Verwendung von Cookies jederzeit \u00fcber die Einstellungen Ihres Browsers deaktivieren. Bitte verwenden Sie die Hilfefunktionen Ihres Internetbrowsers, um zu erfahren, wie Sie diese Einstellungen \u00e4ndern k\u00f6nnen. Bitte beachten Sie, dass einzelne Funktionen unserer Website m\u00f6glicherweise nicht funktionieren, wenn Sie die Verwendung von Cookies deaktiviert haben.<\/p>\n\n\n\n<h4 class=\"wp-block-heading\">REGISTRIERUNG AUF UNSERER WEBSEITE\/WEBSHOP<\/h4>\n\n\n\n<p>Bei der Registrierung f\u00fcr die Nutzung unserer personalisierten Leistungen werden einige personenbezogene Daten erhoben, wie Name, Anschrift, Kontakt- und Kommunikationsdaten wie Telefonnummer und E-Mail-Adresse. Sind Sie bei uns registriert, k\u00f6nnen Sie auf Inhalte und Leistungen zugreifen, die wir nur registrierten Nutzern anbieten. Angemeldete Nutzer haben zudem die M\u00f6glichkeit, bei Bedarf die bei Registrierung angegebenen Daten jederzeit zu \u00e4ndern oder zu l\u00f6schen. Selbstverst\u00e4ndlich erteilen wir Ihnen dar\u00fcber hinaus jederzeit Auskunft \u00fcber die von uns \u00fcber Sie gespeicherten personenbezogenen Daten. Gerne berichtigen bzw. l\u00f6schen wir diese auch auf Ihren Wunsch, soweit keine gesetzlichen Aufbewahrungspflichten entgegenstehen. Zur Kontaktaufnahme in diesem Zusammenhang nutzen Sie bitte die am Ende dieser Datenschutzerkl\u00e4rung angegebenen Kontaktdaten.<\/p>\n\n\n\n<h3 class=\"wp-block-heading\"><\/h3>\n\n\n\n<h4 class=\"wp-block-heading\">SSL-VERSCHL\u00dcSSELUNG<\/h4>\n\n\n\n<p>Um die Sicherheit Ihrer Daten bei der \u00dcbertragung zu sch\u00fctzen, verwenden wir dem aktuellen Stand der Technik entsprechende Verschl\u00fcsselungsverfahren (z. B. SSL) \u00fcber HTTPS.<\/p>\n\n\n\n<h4 class=\"wp-block-heading\">KONTAKTFORMULAR<\/h4>\n\n\n\n<p>Treten Sie per E-Mail oder Kontaktformular mit uns in Kontakt, werden die von Ihnen gemachten Angaben zum Zwecke der Bearbeitung der Anfrage sowie f\u00fcr m\u00f6gliche Anschlussfragen gespeichert.<\/p>\n\n\n\n<h4 class=\"wp-block-heading\">L\u00d6SCHUNG BZW. SPERRUNG DER DATEN<\/h4>\n\n\n\n<p>Wir halten uns an die Grunds\u00e4tze der Datenvermeidung und Datensparsamkeit. Wir speichern Ihre personenbezogenen Daten daher nur so lange, wie dies zur Erreichung der hier genannten Zwecke erforderlich ist oder wie es die vom Gesetzgeber vorgesehenen vielf\u00e4ltigen Speicherfristen vorsehen. Nach Fortfall des jeweiligen Zweckes bzw. Ablauf dieser Fristen werden die entsprechenden Daten routinem\u00e4\u00dfig und entsprechend den gesetzlichen Vorschriften gesperrt oder gel\u00f6scht.<\/p>\n\n\n\n<h3 class=\"wp-block-heading\">Anfrage per E-Mail, Telefon oder Telefax<\/h3>\n\n\n\n<p>Wenn Sie uns per E-Mail, Telefon oder Telefax kontaktieren, wird Ihre Anfrage inklusive aller daraus hervorgehenden personenbezogenen Daten (Name, Anfrage) zum Zwecke der Bearbeitung Ihres Anliegens bei uns gespeichert und verarbeitet. Diese Daten geben wir nicht ohne Ihre Einwilligung weiter.<\/p>\n\n\n\n<p>Die Verarbeitung dieser Daten erfolgt auf Grundlage von Art. 6 Abs. 1 lit. b DSGVO, sofern Ihre Anfrage mit der Erf\u00fcllung eines Vertrags zusammenh\u00e4ngt oder zur Durchf\u00fchrung vorvertraglicher Ma\u00dfnahmen erforderlich ist. In allen \u00fcbrigen F\u00e4llen beruht die Verarbeitung auf unserem berechtigten Interesse an der effektiven Bearbeitung der an uns gerichteten Anfragen (Art. 6 Abs. 1 lit. f DSGVO) oder auf Ihrer Einwilligung (Art. 6 Abs. 1 lit. a DSGVO) sofern diese abgefragt wurde.<\/p>\n\n\n\n<p>Die von Ihnen an uns per Kontaktanfragen \u00fcbersandten Daten verbleiben bei uns, bis Sie uns zur L\u00f6schung auffordern, Ihre Einwilligung zur Speicherung widerrufen oder der Zweck f\u00fcr die Datenspeicherung entf\u00e4llt (z.&nbsp;B. nach abgeschlossener Bearbeitung Ihres Anliegens). Zwingende gesetzliche Bestimmungen \u2013 insbesondere gesetzliche Aufbewahrungsfristen \u2013 bleiben unber\u00fchrt.<\/p>\n\n\n\n<h4 class=\"wp-block-heading\"><strong>\u00c4NDERUNG UNSERER DATENSCHUTZBESTIMMUNGEN<\/strong><\/h4>\n\n\n\n<p>Wir behalten uns vor, diese Datenschutzerkl\u00e4rung gelegentlich anzupassen, damit sie stets den aktuellen rechtlichen Anforderungen entspricht oder um \u00c4nderungen unserer Leistungen in der Datenschutzerkl\u00e4rung umzusetzen, z. B. bei der Einf\u00fchrung neuer Services. F\u00fcr Ihren erneuten Besuch gilt dann die neue Datenschutzerkl\u00e4rung.<\/p>\n\n\n\n<h4 class=\"wp-block-heading\">WENN SIE FRAGEN ZUM DATENSCHUTZ HABEN?<\/h4>\n\n\n\n<p>Hashmatullah Stanikzai<\/p>\n\n\n\n<p>info@hashmat.de<\/p>\n","protected":false},"excerpt":{"rendered":"<p>Allgemeine Hinweise Wir freuen uns, dass Sie unsere Website besucht haben. Der Schutz Ihrer Privatsph\u00e4re und Ihrer personenbezogenen Daten bei der Nutzung unserer Website ist uns wichtig. Personenbezogene Daten sind nach Art. 4 Nr. 1 DSGVO alle Informationen, die sich auf eine identifizierte oder identifizierbare nat\u00fcrliche Person beziehen. Hierzu geh\u00f6ren beispielsweise Informationen wie Ihr Vor- [&hellip;]<\/p>\n","protected":false},"author":1,"featured_media":0,"parent":0,"menu_order":0,"comment_status":"closed","ping_status":"closed","template":"","meta":{"footnotes":""},"class_list":["post-2629","page","type-page","status-publish","hentry"],"yoast_head":"<!-- This site is optimized with the Yoast SEO plugin v27.4 - https:\/\/yoast.com\/product\/yoast-seo-wordpress\/ -->\n<title>Datenschutz\u00aderkl\u00e4rung -<\/title>\n<meta name=\"robots\" content=\"index, follow, max-snippet:-1, max-image-preview:large, max-video-preview:-1\" \/>\n<link rel=\"canonical\" href=\"https:\/\/hashmat.de\/index.php\/allgemeine-hinweise\/\" \/>\n<meta property=\"og:locale\" content=\"en_US\" \/>\n<meta property=\"og:type\" content=\"article\" \/>\n<meta property=\"og:title\" content=\"Datenschutz\u00aderkl\u00e4rung -\" \/>\n<meta property=\"og:description\" content=\"Allgemeine Hinweise Wir freuen uns, dass Sie unsere Website besucht haben. Der Schutz Ihrer Privatsph\u00e4re und Ihrer personenbezogenen Daten bei der Nutzung unserer Website ist uns wichtig. Personenbezogene Daten sind nach Art. 4 Nr. 1 DSGVO alle Informationen, die sich auf eine identifizierte oder identifizierbare nat\u00fcrliche Person beziehen. Hierzu geh\u00f6ren beispielsweise Informationen wie Ihr Vor- [&hellip;]\" \/>\n<meta property=\"og:url\" content=\"https:\/\/hashmat.de\/index.php\/allgemeine-hinweise\/\" \/>\n<meta property=\"article:modified_time\" content=\"2022-10-17T15:18:12+00:00\" \/>\n<meta property=\"og:image\" content=\"https:\/\/hashmat.de\/wp-content\/uploads\/2026\/04\/h2-2-scaled.jpg\" \/>\n\t<meta property=\"og:image:width\" content=\"2560\" \/>\n\t<meta property=\"og:image:height\" content=\"1707\" \/>\n\t<meta property=\"og:image:type\" content=\"image\/jpeg\" \/>\n<meta name=\"twitter:card\" content=\"summary_large_image\" \/>\n<meta name=\"twitter:label1\" content=\"Est. reading time\" \/>\n\t<meta name=\"twitter:data1\" content=\"6 minutes\" \/>\n<script type=\"application\/ld+json\" class=\"yoast-schema-graph\">{\"@context\":\"https:\\\/\\\/schema.org\",\"@graph\":[{\"@type\":\"WebPage\",\"@id\":\"https:\\\/\\\/hashmat.de\\\/index.php\\\/allgemeine-hinweise\\\/\",\"url\":\"https:\\\/\\\/hashmat.de\\\/index.php\\\/allgemeine-hinweise\\\/\",\"name\":\"Datenschutz\u00aderkl\u00e4rung -\",\"isPartOf\":{\"@id\":\"https:\\\/\\\/hashmat.de\\\/#website\"},\"datePublished\":\"2022-10-17T15:16:58+00:00\",\"dateModified\":\"2022-10-17T15:18:12+00:00\",\"breadcrumb\":{\"@id\":\"https:\\\/\\\/hashmat.de\\\/index.php\\\/allgemeine-hinweise\\\/#breadcrumb\"},\"inLanguage\":\"en-US\",\"potentialAction\":[{\"@type\":\"ReadAction\",\"target\":[\"https:\\\/\\\/hashmat.de\\\/index.php\\\/allgemeine-hinweise\\\/\"]}]},{\"@type\":\"BreadcrumbList\",\"@id\":\"https:\\\/\\\/hashmat.de\\\/index.php\\\/allgemeine-hinweise\\\/#breadcrumb\",\"itemListElement\":[{\"@type\":\"ListItem\",\"position\":1,\"name\":\"Home\",\"item\":\"https:\\\/\\\/hashmat.de\\\/\"},{\"@type\":\"ListItem\",\"position\":2,\"name\":\"Datenschutz\u00aderkl\u00e4rung\"}]},{\"@type\":\"WebSite\",\"@id\":\"https:\\\/\\\/hashmat.de\\\/#website\",\"url\":\"https:\\\/\\\/hashmat.de\\\/\",\"name\":\"hashmat.de\",\"description\":\"\",\"publisher\":{\"@id\":\"https:\\\/\\\/hashmat.de\\\/#organization\"},\"potentialAction\":[{\"@type\":\"SearchAction\",\"target\":{\"@type\":\"EntryPoint\",\"urlTemplate\":\"https:\\\/\\\/hashmat.de\\\/?s={search_term_string}\"},\"query-input\":{\"@type\":\"PropertyValueSpecification\",\"valueRequired\":true,\"valueName\":\"search_term_string\"}}],\"inLanguage\":\"en-US\"},{\"@type\":\"Organization\",\"@id\":\"https:\\\/\\\/hashmat.de\\\/#organization\",\"name\":\"hashmat.de\",\"url\":\"https:\\\/\\\/hashmat.de\\\/\",\"logo\":{\"@type\":\"ImageObject\",\"inLanguage\":\"en-US\",\"@id\":\"https:\\\/\\\/hashmat.de\\\/#\\\/schema\\\/logo\\\/image\\\/\",\"url\":\"https:\\\/\\\/hashmat.de\\\/wp-content\\\/uploads\\\/2026\\\/04\\\/h2-2-scaled.jpg\",\"contentUrl\":\"https:\\\/\\\/hashmat.de\\\/wp-content\\\/uploads\\\/2026\\\/04\\\/h2-2-scaled.jpg\",\"width\":2560,\"height\":1707,\"caption\":\"hashmat.de\"},\"image\":{\"@id\":\"https:\\\/\\\/hashmat.de\\\/#\\\/schema\\\/logo\\\/image\\\/\"}}]}<\/script>\n<!-- \/ Yoast SEO plugin. -->","yoast_head_json":{"title":"Datenschutz\u00aderkl\u00e4rung -","robots":{"index":"index","follow":"follow","max-snippet":"max-snippet:-1","max-image-preview":"max-image-preview:large","max-video-preview":"max-video-preview:-1"},"canonical":"https:\/\/hashmat.de\/index.php\/allgemeine-hinweise\/","og_locale":"en_US","og_type":"article","og_title":"Datenschutz\u00aderkl\u00e4rung -","og_description":"Allgemeine Hinweise Wir freuen uns, dass Sie unsere Website besucht haben. Der Schutz Ihrer Privatsph\u00e4re und Ihrer personenbezogenen Daten bei der Nutzung unserer Website ist uns wichtig. Personenbezogene Daten sind nach Art. 4 Nr. 1 DSGVO alle Informationen, die sich auf eine identifizierte oder identifizierbare nat\u00fcrliche Person beziehen. Hierzu geh\u00f6ren beispielsweise Informationen wie Ihr Vor- [&hellip;]","og_url":"https:\/\/hashmat.de\/index.php\/allgemeine-hinweise\/","article_modified_time":"2022-10-17T15:18:12+00:00","og_image":[{"width":2560,"height":1707,"url":"https:\/\/hashmat.de\/wp-content\/uploads\/2026\/04\/h2-2-scaled.jpg","type":"image\/jpeg"}],"twitter_card":"summary_large_image","twitter_misc":{"Est. reading time":"6 minutes"},"schema":{"@context":"https:\/\/schema.org","@graph":[{"@type":"WebPage","@id":"https:\/\/hashmat.de\/index.php\/allgemeine-hinweise\/","url":"https:\/\/hashmat.de\/index.php\/allgemeine-hinweise\/","name":"Datenschutz\u00aderkl\u00e4rung -","isPartOf":{"@id":"https:\/\/hashmat.de\/#website"},"datePublished":"2022-10-17T15:16:58+00:00","dateModified":"2022-10-17T15:18:12+00:00","breadcrumb":{"@id":"https:\/\/hashmat.de\/index.php\/allgemeine-hinweise\/#breadcrumb"},"inLanguage":"en-US","potentialAction":[{"@type":"ReadAction","target":["https:\/\/hashmat.de\/index.php\/allgemeine-hinweise\/"]}]},{"@type":"BreadcrumbList","@id":"https:\/\/hashmat.de\/index.php\/allgemeine-hinweise\/#breadcrumb","itemListElement":[{"@type":"ListItem","position":1,"name":"Home","item":"https:\/\/hashmat.de\/"},{"@type":"ListItem","position":2,"name":"Datenschutz\u00aderkl\u00e4rung"}]},{"@type":"WebSite","@id":"https:\/\/hashmat.de\/#website","url":"https:\/\/hashmat.de\/","name":"hashmat.de","description":"","publisher":{"@id":"https:\/\/hashmat.de\/#organization"},"potentialAction":[{"@type":"SearchAction","target":{"@type":"EntryPoint","urlTemplate":"https:\/\/hashmat.de\/?s={search_term_string}"},"query-input":{"@type":"PropertyValueSpecification","valueRequired":true,"valueName":"search_term_string"}}],"inLanguage":"en-US"},{"@type":"Organization","@id":"https:\/\/hashmat.de\/#organization","name":"hashmat.de","url":"https:\/\/hashmat.de\/","logo":{"@type":"ImageObject","inLanguage":"en-US","@id":"https:\/\/hashmat.de\/#\/schema\/logo\/image\/","url":"https:\/\/hashmat.de\/wp-content\/uploads\/2026\/04\/h2-2-scaled.jpg","contentUrl":"https:\/\/hashmat.de\/wp-content\/uploads\/2026\/04\/h2-2-scaled.jpg","width":2560,"height":1707,"caption":"hashmat.de"},"image":{"@id":"https:\/\/hashmat.de\/#\/schema\/logo\/image\/"}}]}},"_links":{"self":[{"href":"https:\/\/hashmat.de\/index.php\/wp-json\/wp\/v2\/pages\/2629","targetHints":{"allow":["GET"]}}],"collection":[{"href":"https:\/\/hashmat.de\/index.php\/wp-json\/wp\/v2\/pages"}],"about":[{"href":"https:\/\/hashmat.de\/index.php\/wp-json\/wp\/v2\/types\/page"}],"author":[{"embeddable":true,"href":"https:\/\/hashmat.de\/index.php\/wp-json\/wp\/v2\/users\/1"}],"replies":[{"embeddable":true,"href":"https:\/\/hashmat.de\/index.php\/wp-json\/wp\/v2\/comments?post=2629"}],"version-history":[{"count":2,"href":"https:\/\/hashmat.de\/index.php\/wp-json\/wp\/v2\/pages\/2629\/revisions"}],"predecessor-version":[{"id":2631,"href":"https:\/\/hashmat.de\/index.php\/wp-json\/wp\/v2\/pages\/2629\/revisions\/2631"}],"wp:attachment":[{"href":"https:\/\/hashmat.de\/index.php\/wp-json\/wp\/v2\/media?parent=2629"}],"curies":[{"name":"wp","href":"https:\/\/api.w.org\/{rel}","templated":true}]}}